 n(-89). What is the greatest common divisor of 201 and p?
201
Suppose 26*q + 6 = 25*q. Let b be q/15*80/(-2). Let o be ((-21)/35)/(3*1/(-10)). Calculate the greatest common divisor of o and b.
2
Suppose -9*w = -5*w - 12. Suppose -s = w*s - 80. Let q be (-3 - 14/(-4))*s. What is the highest common divisor of q and 70?
10
Let l(j) = -j**3 - 7*j**2 - 10*j - 12. Let p(i) = -i**3 + 8*i - 7. Let d be p(0). Let t be l(d). Calculate the greatest common factor of t and 145.
29
Let n be -18*(-3 + (-68)/8). Suppose 0 = -3*h + n. Let b = h - -12. Calculate the greatest common factor of b and 9.
9
Suppose 5*p - 3765 = -5*k, 3048 = -187*p + 191*p - 2*k. Calculate the highest common factor of 13915 and p.
253
Let r(n) = -n**2 + 2 + 22*n - 2 - 36. Let x be r(6). What is the greatest common divisor of 15 and x?
15
Let k be (-5724)/(-371)*112/6. Calculate the greatest common divisor of k and 1224.
72
Let b(v) = -575*v + 1148*v - 569*v + 45. Let h be b(-7). Calculate the greatest common divisor of 153 and h.
17
Let b = -84 - -114. Suppose 0 = -0*k - b*k + 450. What is the greatest common factor of 140 and k?
5
Let n(o) = o**3 + 7*o**2 - 80*o - 516. Let y be n(-7). Calculate the greatest common factor of y and 1.
1
Suppose 3*n - 23*c + 26*c = 153, n - 45 = 5*c. Let d = -61 - -71. What is the highest common factor of n and d?
10
Suppose 21*q + 265 = 13241 + 75476. What is the highest common factor of 26 and q?
26
Suppose 0 = 4*c - 62 - 18. Let o = -21 + c. Let i be o + 4 + (-630)/(-6). Calculate the greatest common factor of 12 and i.
12
Let n(j) = 5*j**3 - 2*j**2 + 2. Let b = -18 - -20. Let t be n(b). Suppose -l - l - 5*k = -t, -k = 0. Calculate the greatest common divisor of l and 102.
17
Suppose 18 = t - 88. Suppose 474 = 5*b - t. Calculate the highest common factor of 87 and b.
29
Let m be (-22 + 1044/(-30))/(6/(-15)). Calculate the greatest common divisor of m and 3763.
71
Let r be (1761 - -4) + 3 + -1 + 0. Calculate the highest common factor of 57 and r.
57
Let t be 2*6/(-4)*1. Let r be (4/t)/((-7)/21). Suppose 2 + 4 = 3*a, 173 = 5*p + r*a. Calculate the highest common factor of 3 and p.
3
Suppose -27*o - 45*o + 82786 = 34*o. What is the highest common divisor of 418 and o?
11
Suppose -4*r = 2*c - 64, -4*c + 28 = 4*r - 40. Let k be 92/((-6)/r*-5). Suppose 736 = -2*y + 6*y. Calculate the highest common divisor of y and k.
46
Suppose -4*d = -18 - 54. Let o = -61 + 124. What is the highest common factor of d and o?
9
Let w be 14 + 124 + (-3 - 11). What is the highest common factor of w and 2542?
62
Let n be -11 + (34 - 18) - -2527. What is the greatest common divisor of 42 and n?
6
Suppose 3*c = -0*a + 4*a - 33, -5*c - 15 = 0. Let n be (-111812)/(-84) - a/63. What is the highest common factor of 11 and n?
11
Suppose -10 = 2*i + s - 5*s, -5*i + s + 20 = 0. Let q be (6 - 2)*i/(-40)*-4. Let j = 0 + 3. What is the highest common divisor of j and q?
1
Let f be 48/(-36) - 208/(-12). Let y be 2 + -3 + (-4)/(-4). Suppose y = -j + 7 + 33. What is the highest common divisor of j and f?
8
Let q = -27260 - -27732. What is the highest common divisor of q and 36?
4
Let g be -2 - 0 - (-144)/18. Let k(q) = 24*q - 59. Let h be k(7). Suppose h = g*v - 215. Calculate the greatest common factor of v and 81.
27
Let f = -213 + 409. Let l = -53 - -65. Suppose -168 = l*j - 18*j. What is the greatest common factor of j and f?
28
Let h be -4 + 1 + 50/10 - -1279. What is the highest common divisor of 168 and h?
21
Suppose -q = -22*q + 294. Let h be 3 + (4/(-6))/(q/(-399)). Calculate the highest common divisor of 110 and h.
22
Let o(j) = -146*j + 5806. Let w be o(20). Calculate the highest common factor of 148 and w.
74
Let h(a) = -a**2 + 22*a - 5. Let i be h(14). Suppose -c - 3*m + 15 = -0*m, 5*c - i = m. Calculate the greatest common factor of c and 14.
7
Let i(t) be the first derivative of 5*t**2/2 + 30*t - 20. Let j be i(6). Calculate the highest common factor of j and 135.
15
Suppose -43*q - 61*q - 102*q = -4738. Calculate the greatest common factor of q and 15019.
23
Suppose 2*n = 3*n - 5*j - 4, 0 = -5*n + 5*j + 40. Suppose 2448 = n*b + 8*b. What is the greatest common divisor of b and 9?
9
Let r be 2342/6 - (-4)/(-12). Suppose 11*t + r = t. Let c = t - -41. What is the highest common divisor of c and 2?
2
Let m = -199 + 208. Suppose 15 = 2*q - m. What is the greatest common factor of q and 76?
4
Suppose -3*c + 7*y + 19731 = 10*y, -2*c + 13150 = 4*y. Calculate the greatest common divisor of 612 and c.
153
Let v(t) = 25*t + 37 - 141 - t**2 + 28. Let w be v(8). What is the highest common divisor of w and 6?
6
Let q = -323 - -327. Suppose 5*s - 7*s + q*w = -430, -s + 3*w = -210. Calculate the greatest common factor of s and 25.
25
Let w be 1251168/112 - 88/77. What is the highest common factor of w and 10?
10
Let l be ((-6816)/(-56) - (-4)/14) + 1. Let a = -120 + l. What is the highest common divisor of a and 129?
3
Let r(d) = -2*d**3 - 84*d**2 - 2*d - 94. Let z be r(-42). Let w be (((-55)/z - 0) + -3)*2. What is the highest common factor of w and 70?
5
Let d(n) = -13*n + 440. Let y be d(20). What is the highest common factor of 85 and y?
5
Suppose 2*n = -z + 880, 3*n + 0*z + 3*z = 1323. Suppose c - 6*c = -3*j + 373, -4*j - 5*c = -n. What is the greatest common factor of 87 and j?
29
Suppose 0 = 47*d - 43*d + 6248. Let f = -698 - d. Calculate the highest common factor of 16 and f.
16
Let o = 33475 + -32600. Calculate the highest common divisor of o and 1610.
35
Let o be (585/26)/3 - 6/(-4). Let i be ((-324)/8)/((-1)/6). What is the greatest common divisor of i and o?
9
Suppose -178*u + 175*u = -51. Let w = 0 + u. Calculate the greatest common factor of w and 17.
17
Let x be 292/10 + 5/(-75)*3. Let h = -541 + 1467. Suppose -4*w + s + h = 0, w - 456 = -w + 4*s. Calculate the greatest common factor of x and w.
29
Let f(l) = l**3 + 38*l**2 + 228*l - 23. Let c be f(-9). Calculate the greatest common divisor of 3151 and c.
137
Let b = -86 + 91. Suppose 110 = b*n - 10. Calculate the greatest common divisor of 192 and n.
24
Let s be (-1)/(-1 + (-357)/(-90) - 3). Suppose 0 = s*w - 29*w - 3. Suppose w*n = n + 156. What is the highest common factor of n and 26?
26
Let p be (72/28 - 2)/((-1)/(-4963)). Calculate the greatest common divisor of 8 and p.
4
Suppose -612 = -2*i - 15*i - i. Let h(a) = a**2 + a. Let c be h(-2). Calculate the greatest common factor of i and c.
2
Suppose 4350 = 5*u + 5*q, 4*u + 7*q - 3508 = 10*q. Let z = u - 870. Calculate the greatest common factor of z and 7.
1
Let f = -60 - -225. Let r = f - 119. What is the highest common factor of r and 2?
2
Let k = -192 - -193. Suppose 2*o = 4*w - 66, 0 = -2*o - k + 3. Suppose -170 = -2*n - 3*n. What is the highest common divisor of w and n?
17
Let d = -233 + 240. Suppose -o = 4*s - 92, -2*o + d*o - 422 = -s. Calculate the highest common divisor of 63 and o.
21
Let y = -310 - 69. Let t = 418 + y. What is the highest common factor of t and 273?
39
Let y be 118/((-13)/52 - 6/(-8)). Let m = y - 72. What is the highest common divisor of m and 410?
82
Suppose 16 = -4*u - 4*u. Let l(n) = 5*n**2 + 3*n. Let z(k) = k**2 - 1. Let w(q) = l(q) - 3*z(q). Let s be w(u). What is the highest common divisor of s and 55?
5
Let d = -2 + 134. Suppose 363*o = 91*o + 17952. Calculate the highest common factor of d and o.
66
Suppose -676*j + 673*j + 774 = 0. What is the highest common factor of j and 36?
6
Let b = -207 - -221. Suppose -b*u + 1623 = 153. Calculate the highest common factor of 45 and u.
15
Suppose k - 138 = 313. Let l = 458 - k. What is the greatest common divisor of l and 203?
7
Suppose 2*b = -4, 48 = 4*f - 6*f - 3*b. Let d be 198/4 - (-1)/(14/f). Calculate the highest common divisor of 3 and d.
3
Suppose -4*o - 3*p = -106, -2*p - 30 = -o - p. What is the highest common divisor of 19726 and o?
14
Suppose 162*c + 10*c = 939292. What is the greatest common divisor of c and 127?
127
Let g be 6905/(-117)*-3 + 2/(-39). Calculate the greatest common factor of g and 1357.
59
Let k = 3604 + -3573. What is the greatest common divisor of k and 3193?
31
Let w(r) = 27*r**2 + 11*r - 12. Let f(h) = 17*h + 37. Let q be f(-2). Let z be w(q). Calculate the highest common divisor of 33 and z.
33
Let h(q) = 2*q + 45. Let s be h(4). Suppose 2*l + 4*t - s 